{"id":2868,"date":"2023-08-12T17:49:42","date_gmt":"2023-08-12T20:49:42","guid":{"rendered":"https:\/\/lavanderiaalves.com.br\/?page_id=2868"},"modified":"2023-09-10T13:28:10","modified_gmt":"2023-09-10T16:28:10","slug":"impermeabilizacao","status":"publish","type":"page","link":"https:\/\/lavanderiaalves.com.br\/index.php\/impermeabilizacao\/","title":{"rendered":"Impermeabliza\u00e7\u00e3o"},"content":{"rendered":"\n<div class=\"wp-block-uagb-container uagb-block-fc52dedc alignfull uagb-is-root-container\"><div class=\"uagb-container-inner-blocks-wrap\">\n<div class=\"wp-block-uagb-container uagb-block-3a18668e\">\n<div class=\"wp-block-uagb-image aligncenter uagb-block-db99b616 wp-block-uagb-image--layout-default wp-block-uagb-image--effect-static wp-block-uagb-image--align-center\"><figure class=\"wp-block-uagb-image__figure\"><img loading=\"lazy\" decoding=\"async\" srcset=\"https:\/\/lavanderiaalves.com.br\/wp-content\/uploads\/2023\/09\/servicos-impermeabilizacao-1820x1024.webp \" sizes=\"auto, (max-width: 480px) 150px\" src=\"https:\/\/lavanderiaalves.com.br\/wp-content\/uploads\/2023\/09\/servicos-impermeabilizacao-1820x1024.webp\" alt=\"servi\u00e7os-impermeabiliza\u00e7\u00e3o\" class=\"uag-image-3977\" width=\"1820\" height=\"1024\" title=\"\" loading=\"lazy\"\/><\/figure><\/div>\n<\/div>\n\n\n\n<div class=\"wp-block-uagb-container uagb-block-34a1a122\">\n<div class=\"wp-block-uagb-info-box uagb-block-d79c64d4 uagb-infobox__content-wrap  uagb-infobox-icon-above-title uagb-infobox-image-valign-top\"><div class=\"uagb-ifb-content\"><div class=\"uagb-ifb-title-wrap\"><h3 class=\"uagb-ifb-title\">Impermeabiliza\u00e7\u00e3o<\/h3><\/div><div class=\"uagb-ifb-separator\"><\/div><p class=\"uagb-ifb-desc\">A Lavanderia Alves \u00e9 uma empresa com mais de 32 anos de experi\u00eancia que executa servi\u00e7os de impermeabiliza\u00e7\u00e3o de estofados. Contamos com uma excelente estrutura para atender a todas as demandas de impermeabiliza\u00e7\u00e3o com muita efici\u00eancia.<br>Oferecemos as melhores solu\u00e7\u00f5es para impermeabilizar seu estofado, seja em sua resid\u00eancia ou empresa. Trabalhamos com o objetivo de atender a todas as expectativas dos clientes que solicitam nossos servi\u00e7os.<\/p><div class=\"uagb-ifb-button-wrapper wp-block-button\"><a href=\"https:\/\/api.whatsapp.com\/send?phone=5511954920850&amp;text=Ola%20gostaria%20de%20fazer%20um%20or%C3%A7amento.\" class=\"uagb-infobox-cta-link wp-block-button__link\" target=\"_blank\" rel=\"noopener noreferrer\" onclick=\"return true;\" alt=\"\"><span class=\"uagb-inline-editing\">FALE CONOSCO<\/span><svg xmlns=\"https:\/\/www.w3.org\/2000\/svg\" viewBox=\"0 0 512 512\"><path d=\"M504.3 273.6l-112.1 104c-6.992 6.484-17.18 8.218-25.94 4.406c-8.758-3.812-14.42-12.45-14.42-21.1L351.9 288H32C14.33 288 .0002 273.7 .0002 255.1S14.33 224 32 224h319.9l0-72c0-9.547 5.66-18.19 14.42-22c8.754-3.809 18.95-2.075 25.94 4.41l112.1 104C514.6 247.9 514.6 264.1 504.3 273.6z\"><\/path><\/svg><\/a><\/div><\/div><\/div>\n<\/div>\n<\/div><\/div>\n\n\n\n<div class=\"wp-block-uagb-container uagb-block-21180a66 alignfull uagb-is-root-container\"><div class=\"uagb-container-inner-blocks-wrap\">\n<hr class=\"wp-block-separator has-text-color has-ast-global-color-1-color has-alpha-channel-opacity has-ast-global-color-1-background-color has-background is-style-wide\" style=\"margin-top:var(--wp--preset--spacing--50);margin-bottom:var(--wp--preset--spacing--50)\"\/>\n<\/div><\/div>\n\n\n\n<div class=\"wp-block-uagb-container uagb-block-391af993 alignfull uagb-is-root-container\"><div class=\"uagb-container-inner-blocks-wrap\">\n<div class=\"wp-block-uagb-container uagb-block-9d97b2e6\">\n<div class=\"wp-block-uagb-advanced-heading uagb-block-a3dad665\"><h2 class=\"uagb-heading-text\">Conhe\u00e7a os tipos<\/h2><\/div>\n\n\n\n<div class=\"wp-block-uagb-info-box uagb-block-874f5ea9 uagb-infobox__content-wrap  uagb-infobox-icon-above-title uagb-infobox-image-valign-top\"><div class=\"uagb-ifb-content\"><div class=\"uagb-ifb-title-wrap\"><\/div><div class=\"uagb-ifb-separator\"><\/div><p class=\"uagb-ifb-desc\">Os estofados s\u00e3o impermeabilizados pela Lavanderia Alves com ZONYL 2.000 da Dupont, Cappax da Cappa Comercial e Teximper \u00c1gua da Tex Imper Ltda. Todos produtos n\u00e3o inflam\u00e1veis, \u00e0 base de \u00e1gua que repelem l\u00edquidos, \u00f3leos, sujeiras secas e \u00famidas.<br>A aplica\u00e7\u00e3o do impermeabilizante n\u00e3o altera o tecido nem mesmo a cor, o que ajuda a conservar ainda mais o tecido e evitar manchas em caso de queda de l\u00edquidos como: \u00e1gua, refrigerantes, sucos dentre outros.<\/p><\/div><\/div>\n<\/div>\n\n\n\n<div class=\"wp-block-uagb-container uagb-block-b6e5064c\">\n<div class=\"wp-block-uagb-advanced-heading uagb-block-9d85cd94\"><h2 class=\"uagb-heading-text\">Seguran\u00e7a e qualidade<\/h2><\/div>\n\n\n\n<div class=\"wp-block-uagb-info-box uagb-block-d084f640 uagb-infobox__content-wrap  uagb-infobox-icon-above-title uagb-infobox-image-valign-top\"><div class=\"uagb-ifb-content\"><div class=\"uagb-ifb-title-wrap\"><\/div><div class=\"uagb-ifb-separator\"><\/div><p class=\"uagb-ifb-desc\">Todo o processo de impermeabiliza\u00e7\u00e3o \u00e9 feito pela pr\u00f3pria Lavanderia Alves, sem terceiriza\u00e7\u00e3o.<br>A Lavanderia Alves \u00e9 especializada em impermeabiliza\u00e7\u00e3o.<\/p><\/div><\/div>\n<\/div>\n<\/div><\/div>\n\n\n\n<div class=\"wp-block-uagb-container uagb-block-a8fa1977 alignfull uagb-is-root-container\"><div class=\"uagb-container-inner-blocks-wrap\">\n<hr class=\"wp-block-separator has-text-color has-ast-global-color-1-color has-alpha-channel-opacity has-ast-global-color-1-background-color has-background is-style-wide\" style=\"margin-top:var(--wp--preset--spacing--50);margin-bottom:var(--wp--preset--spacing--50)\"\/>\n<\/div><\/div>\n\n\n\n<div class=\"wp-block-uagb-container uagb-block-87f9afef alignfull uagb-is-root-container\"><div class=\"uagb-container-inner-blocks-wrap\">\n<div class=\"wp-block-uagb-advanced-heading uagb-block-bf2f02a0\"><h2 class=\"uagb-heading-text\">Praticidade e durabilidade na limpeza de seu estofado<\/h2><\/div>\n<\/div><\/div>\n\n\n\n<div class=\"wp-block-uagb-container uagb-block-bd963756 alignfull uagb-is-root-container\"><div class=\"uagb-container-inner-blocks-wrap\">\n<div class=\"wp-block-uagb-info-box uagb-block-0f1990f1 uagb-infobox__content-wrap  uagb-infobox-icon-above-title uagb-infobox-image-valign-top\"><div class=\"uagb-ifb-content\"><div class=\"uagb-ifb-title-wrap\"><\/div><p class=\"uagb-ifb-desc\">O impermeabilizante de estofados \u00e9 aplicado por pulverizador, pela Lavanderia Alves, somente com o tecido seco e limpo. Ele ser\u00e1 um facilitador na manuten\u00e7\u00e3o da limpeza de estofados.<\/p><\/div><\/div>\n<\/div><\/div>\n","protected":false},"excerpt":{"rendered":"","protected":false},"author":1,"featured_media":0,"parent":0,"menu_order":0,"comment_status":"closed","ping_status":"closed","template":"","meta":{"site-sidebar-layout":"default","site-content-layout":"","ast-site-content-layout":"default","site-content-style":"default","site-sidebar-style":"default","ast-global-header-display":"","ast-banner-title-visibility":"","ast-main-header-display":"","ast-hfb-above-header-display":"","ast-hfb-below-header-display":"","ast-hfb-mobile-header-display":"","site-post-title":"","ast-breadcrumbs-content":"","ast-featured-img":"","footer-sml-layout":"","theme-transparent-header-meta":"","adv-header-id-meta":"","stick-header-meta":"","header-above-stick-meta":"","header-main-stick-meta":"","header-below-stick-meta":"","astra-migrate-meta-layouts":"set","ast-page-background-enabled":"default","ast-page-background-meta":{"desktop":{"background-color":"","background-image":"","background-repeat":"repeat","background-position":"center center","background-size":"auto","background-attachment":"scroll","background-type":"","background-media":"","overlay-type":"","overlay-color":"","overlay-gradient":""},"tablet":{"background-color":"","background-image":"","background-repeat":"repeat","background-position":"center center","background-size":"auto","background-attachment":"scroll","background-type":"","background-media":"","overlay-type":"","overlay-color":"","overlay-gradient":""},"mobile":{"background-color":"","background-image":"","background-repeat":"repeat","background-position":"center center","background-size":"auto","background-attachment":"scroll","background-type":"","background-media":"","overlay-type":"","overlay-color":"","overlay-gradient":""}},"ast-content-background-meta":{"desktop":{"background-color":"var(--ast-global-color-5)","background-image":"","background-repeat":"repeat","background-position":"center center","background-size":"auto","background-attachment":"scroll","background-type":"","background-media":"","overlay-type":"","overlay-color":"","overlay-gradient":""},"tablet":{"background-color":"var(--ast-global-color-5)","background-image":"","background-repeat":"repeat","background-position":"center center","background-size":"auto","background-attachment":"scroll","background-type":"","background-media":"","overlay-type":"","overlay-color":"","overlay-gradient":""},"mobile":{"background-color":"var(--ast-global-color-5)","background-image":"","background-repeat":"repeat","background-position":"center center","background-size":"auto","background-attachment":"scroll","background-type":"","background-media":"","overlay-type":"","overlay-color":"","overlay-gradient":""}},"_joinchat":[],"footnotes":""},"class_list":["post-2868","page","type-page","status-publish","hentry"],"_links":{"self":[{"href":"https:\/\/lavanderiaalves.com.br\/index.php\/wp-json\/wp\/v2\/pages\/2868","targetHints":{"allow":["GET"]}}],"collection":[{"href":"https:\/\/lavanderiaalves.com.br\/index.php\/wp-json\/wp\/v2\/pages"}],"about":[{"href":"https:\/\/lavanderiaalves.com.br\/index.php\/wp-json\/wp\/v2\/types\/page"}],"author":[{"embeddable":true,"href":"https:\/\/lavanderiaalves.com.br\/index.php\/wp-json\/wp\/v2\/users\/1"}],"replies":[{"embeddable":true,"href":"https:\/\/lavanderiaalves.com.br\/index.php\/wp-json\/wp\/v2\/comments?post=2868"}],"version-history":[{"count":0,"href":"https:\/\/lavanderiaalves.com.br\/index.php\/wp-json\/wp\/v2\/pages\/2868\/revisions"}],"wp:attachment":[{"href":"https:\/\/lavanderiaalves.com.br\/index.php\/wp-json\/wp\/v2\/media?parent=2868"}],"curies":[{"name":"wp","href":"https:\/\/api.w.org\/{rel}","templated":true}]}}

Impermeablização

<div class="wp-block-uagb-container uagb-block-fc52dedc alignfull uagb-is-root-container"><div class="uagb-container-inner-blocks-wrap">
<div class="wp-block-uagb-container uagb-block-3a18668e">
<div class="wp-block-uagb-image aligncenter uagb-block-db99b616 wp-block-uagb-image--layout-default wp-block-uagb-image--effect-static wp-block-uagb-image--align-center"><figure class="wp-block-uagb-image__figure"><img loading="lazy" decoding="async" srcset="https://lavanderiaalves.com.br/wp-content/uploads/2023/09/servicos-impermeabilizacao-1820x1024.webp " sizes="auto, (max-width: 480px) 150px" src="https://lavanderiaalves.com.br/wp-content/uploads/2023/09/servicos-impermeabilizacao-1820x1024.webp" alt="serviços-impermeabilização" class="uag-image-3977" width="1820" height="1024" title="" loading="lazy"/></figure></div>
</div>



<div class="wp-block-uagb-container uagb-block-34a1a122">
<div class="wp-block-uagb-info-box uagb-block-d79c64d4 uagb-infobox__content-wrap  uagb-infobox-icon-above-title uagb-infobox-image-valign-top"><div class="uagb-ifb-content"><div class="uagb-ifb-title-wrap"><h3 class="uagb-ifb-title">Impermeabilização</h3></div><div class="uagb-ifb-separator"></div><p class="uagb-ifb-desc">A Lavanderia Alves é uma empresa com mais de 32 anos de experiência que executa serviços de impermeabilização de estofados. Contamos com uma excelente estrutura para atender a todas as demandas de impermeabilização com muita eficiência.<br>Oferecemos as melhores soluções para impermeabilizar seu estofado, seja em sua residência ou empresa. Trabalhamos com o objetivo de atender a todas as expectativas dos clientes que solicitam nossos serviços.</p><div class="uagb-ifb-button-wrapper wp-block-button"><a href="https://api.whatsapp.com/send?phone=5511954920850&amp;text=Ola%20gostaria%20de%20fazer%20um%20or%C3%A7amento." class="uagb-infobox-cta-link wp-block-button__link" target="_blank" rel="noopener noreferrer" onclick="return true;" alt=""><span class="uagb-inline-editing">FALE CONOSCO</span><svg xmlns="https://www.w3.org/2000/svg" viewBox="0 0 512 512"><path d="M504.3 273.6l-112.1 104c-6.992 6.484-17.18 8.218-25.94 4.406c-8.758-3.812-14.42-12.45-14.42-21.1L351.9 288H32C14.33 288 .0002 273.7 .0002 255.1S14.33 224 32 224h319.9l0-72c0-9.547 5.66-18.19 14.42-22c8.754-3.809 18.95-2.075 25.94 4.41l112.1 104C514.6 247.9 514.6 264.1 504.3 273.6z"></path></svg></a></div></div></div>
</div>
</div></div>



<div class="wp-block-uagb-container uagb-block-21180a66 alignfull uagb-is-root-container"><div class="uagb-container-inner-blocks-wrap">
<hr class="wp-block-separator has-text-color has-ast-global-color-1-color has-alpha-channel-opacity has-ast-global-color-1-background-color has-background is-style-wide" style="margin-top:var(--wp--preset--spacing--50);margin-bottom:var(--wp--preset--spacing--50)"/>
</div></div>



<div class="wp-block-uagb-container uagb-block-391af993 alignfull uagb-is-root-container"><div class="uagb-container-inner-blocks-wrap">
<div class="wp-block-uagb-container uagb-block-9d97b2e6">
<div class="wp-block-uagb-advanced-heading uagb-block-a3dad665"><h2 class="uagb-heading-text">Conheça os tipos</h2></div>



<div class="wp-block-uagb-info-box uagb-block-874f5ea9 uagb-infobox__content-wrap  uagb-infobox-icon-above-title uagb-infobox-image-valign-top"><div class="uagb-ifb-content"><div class="uagb-ifb-title-wrap"></div><div class="uagb-ifb-separator"></div><p class="uagb-ifb-desc">Os estofados são impermeabilizados pela Lavanderia Alves com ZONYL 2.000 da Dupont, Cappax da Cappa Comercial e Teximper Água da Tex Imper Ltda. Todos produtos não inflamáveis, à base de água que repelem líquidos, óleos, sujeiras secas e úmidas.<br>A aplicação do impermeabilizante não altera o tecido nem mesmo a cor, o que ajuda a conservar ainda mais o tecido e evitar manchas em caso de queda de líquidos como: água, refrigerantes, sucos dentre outros.</p></div></div>
</div>



<div class="wp-block-uagb-container uagb-block-b6e5064c">
<div class="wp-block-uagb-advanced-heading uagb-block-9d85cd94"><h2 class="uagb-heading-text">Segurança e qualidade</h2></div>



<div class="wp-block-uagb-info-box uagb-block-d084f640 uagb-infobox__content-wrap  uagb-infobox-icon-above-title uagb-infobox-image-valign-top"><div class="uagb-ifb-content"><div class="uagb-ifb-title-wrap"></div><div class="uagb-ifb-separator"></div><p class="uagb-ifb-desc">Todo o processo de impermeabilização é feito pela própria Lavanderia Alves, sem terceirização.<br>A Lavanderia Alves é especializada em impermeabilização.</p></div></div>
</div>
</div></div>



<div class="wp-block-uagb-container uagb-block-a8fa1977 alignfull uagb-is-root-container"><div class="uagb-container-inner-blocks-wrap">
<hr class="wp-block-separator has-text-color has-ast-global-color-1-color has-alpha-channel-opacity has-ast-global-color-1-background-color has-background is-style-wide" style="margin-top:var(--wp--preset--spacing--50);margin-bottom:var(--wp--preset--spacing--50)"/>
</div></div>



<div class="wp-block-uagb-container uagb-block-87f9afef alignfull uagb-is-root-container"><div class="uagb-container-inner-blocks-wrap">
<div class="wp-block-uagb-advanced-heading uagb-block-bf2f02a0"><h2 class="uagb-heading-text">Praticidade e durabilidade na limpeza de seu estofado</h2></div>
</div></div>



<div class="wp-block-uagb-container uagb-block-bd963756 alignfull uagb-is-root-container"><div class="uagb-container-inner-blocks-wrap">
<div class="wp-block-uagb-info-box uagb-block-0f1990f1 uagb-infobox__content-wrap  uagb-infobox-icon-above-title uagb-infobox-image-valign-top"><div class="uagb-ifb-content"><div class="uagb-ifb-title-wrap"></div><p class="uagb-ifb-desc">O impermeabilizante de estofados é aplicado por pulverizador, pela Lavanderia Alves, somente com o tecido seco e limpo. Ele será um facilitador na manutenção da limpeza de estofados.</p></div></div>
</div></div>
