{"id":2846,"date":"2023-08-12T17:16:13","date_gmt":"2023-08-12T20:16:13","guid":{"rendered":"https:\/\/lavanderiaalves.com.br\/?page_id=2846"},"modified":"2023-09-10T13:35:20","modified_gmt":"2023-09-10T16:35:20","slug":"lavagem-de-tapetes","status":"publish","type":"page","link":"https:\/\/lavanderiaalves.com.br\/index.php\/lavagem-de-tapetes\/","title":{"rendered":"Lavagem de Tapetes"},"content":{"rendered":"\n<div class=\"wp-block-uagb-container uagb-block-fc52dedc alignfull uagb-is-root-container\"><div class=\"uagb-container-inner-blocks-wrap\">\n<div class=\"wp-block-uagb-container uagb-block-3a18668e\">\n<div class=\"wp-block-uagb-image aligncenter uagb-block-db99b616 wp-block-uagb-image--layout-default wp-block-uagb-image--effect-static wp-block-uagb-image--align-center\"><figure class=\"wp-block-uagb-image__figure\"><img loading=\"lazy\" decoding=\"async\" srcset=\"https:\/\/lavanderiaalves.com.br\/wp-content\/uploads\/2023\/09\/lavagem_de_tapetes.webp \" sizes=\"auto, (max-width: 480px) 150px\" src=\"https:\/\/lavanderiaalves.com.br\/wp-content\/uploads\/2023\/09\/lavagem_de_tapetes.webp\" alt=\"lavagem_de_tapetes\" class=\"uag-image-3925\" width=\"1593\" height=\"1024\" title=\"\" loading=\"lazy\"\/><\/figure><\/div>\n<\/div>\n\n\n\n<div class=\"wp-block-uagb-container uagb-block-34a1a122\">\n<div class=\"wp-block-uagb-info-box uagb-block-d79c64d4 uagb-infobox__content-wrap  uagb-infobox-icon-above-title uagb-infobox-image-valign-top\"><div class=\"uagb-ifb-content\"><div class=\"uagb-ifb-title-wrap\"><h3 class=\"uagb-ifb-title\">Lavagem e Higieniza\u00e7\u00e3o de Tapetes<\/h3><\/div><div class=\"uagb-ifb-separator\"><\/div><p class=\"uagb-ifb-desc\">Com mais de 30 anos de experi\u00eancia, a Lavanderia Alves executa os servi\u00e7os de lavagem e higieniza\u00e7\u00e3o de tapetes, independente do material e tecido confeccionado.<br>Al\u00e9m de todo o profissionalismo, voc\u00ea conta com a lavanderia de melhor estrutura, capaz de suprir as demandas de clientes f\u00edsicos ou jur\u00eddicos, com extrema efici\u00eancia.<br>Nosso objetivo \u00e9 sempre superar as expectativas dos nossos clientes.<\/p><div class=\"uagb-ifb-button-wrapper wp-block-button\"><a href=\"https:\/\/api.whatsapp.com\/send?phone=5511954920850&amp;text=Ola%20gostaria%20de%20fazer%20um%20or%C3%A7amento.\" class=\"uagb-infobox-cta-link wp-block-button__link\" target=\"_blank\" rel=\"noopener noreferrer\" onclick=\"return true;\" alt=\"\"><span class=\"uagb-inline-editing\">FALE CONOSCO<\/span><svg xmlns=\"https:\/\/www.w3.org\/2000\/svg\" viewBox=\"0 0 512 512\"><path d=\"M504.3 273.6l-112.1 104c-6.992 6.484-17.18 8.218-25.94 4.406c-8.758-3.812-14.42-12.45-14.42-21.1L351.9 288H32C14.33 288 .0002 273.7 .0002 255.1S14.33 224 32 224h319.9l0-72c0-9.547 5.66-18.19 14.42-22c8.754-3.809 18.95-2.075 25.94 4.41l112.1 104C514.6 247.9 514.6 264.1 504.3 273.6z\"><\/path><\/svg><\/a><\/div><\/div><\/div>\n<\/div>\n<\/div><\/div>\n\n\n\n<div class=\"wp-block-uagb-container uagb-block-21180a66 alignfull uagb-is-root-container\"><div class=\"uagb-container-inner-blocks-wrap\">\n<hr class=\"wp-block-separator has-text-color has-ast-global-color-1-color has-alpha-channel-opacity has-ast-global-color-1-background-color has-background is-style-wide\" style=\"margin-top:var(--wp--preset--spacing--50);margin-bottom:var(--wp--preset--spacing--50)\"\/>\n<\/div><\/div>\n\n\n\n<div class=\"wp-block-uagb-container uagb-block-391af993 alignfull uagb-is-root-container\"><div class=\"uagb-container-inner-blocks-wrap\">\n<div class=\"wp-block-uagb-container uagb-block-9d97b2e6\">\n<div class=\"wp-block-uagb-advanced-heading uagb-block-a3dad665\"><h2 class=\"uagb-heading-text\">Conhe\u00e7a os tipos<\/h2><\/div>\n\n\n\n<div class=\"wp-block-uagb-info-box uagb-block-874f5ea9 uagb-infobox__content-wrap  uagb-infobox-icon-above-title uagb-infobox-image-valign-top\"><div class=\"uagb-ifb-content\"><div class=\"uagb-ifb-title-wrap\"><\/div><div class=\"uagb-ifb-separator\"><\/div><p class=\"uagb-ifb-desc\">Lavamos e higienizamos tapetes: Chin\u00eas, Iraniano, Kilim, Marroquino e Persa;<br>tratando todos como verdadeiras obras de arte.<br>\u2022 Capacidade para lavar e higienizar tapetes de grandes propor\u00e7\u00f5es.<br>\u2022 Trabalhamos com tratamento espec\u00edfico para a remo\u00e7\u00e3o de manchas.<br>\u2022 Lavagem de tapetes com marcas espec\u00edficas, principalmente de urina animal.<br>\u2022 A remo\u00e7\u00e3o total das manchas n\u00e3o \u00e9 garantida, dependendo de fatores como o estado do tapete, esp\u00e9cie de mancha, tempo de mancha e etc.<\/p><\/div><\/div>\n<\/div>\n\n\n\n<div class=\"wp-block-uagb-container uagb-block-b6e5064c\">\n<div class=\"wp-block-uagb-advanced-heading uagb-block-9d85cd94\"><h2 class=\"uagb-heading-text\">Na m\u00eddia<\/h2><\/div>\n\n\n\n<figure class=\"wp-block-embed is-type-video is-provider-youtube wp-block-embed-youtube wp-embed-aspect-16-9 wp-has-aspect-ratio\"><div class=\"wp-block-embed__wrapper\">\n<div class=\"ast-oembed-container\" style=\"height: 100%;\"><iframe title=\"Lavagem Especializada de Sof\u00e1 I Lavanderia Alves I Gazeta Shopping\" width=\"500\" height=\"281\" src=\"https:\/\/www.youtube.com\/embed\/RG3RZEMSjoE?feature=oembed\" frameborder=\"0\" allow=\"accelerometer; autoplay; clipboard-write; encrypted-media; gyroscope; picture-in-picture; web-share\" referrerpolicy=\"strict-origin-when-cross-origin\" allowfullscreen><\/iframe><\/div>\n<\/div><\/figure>\n<\/div>\n<\/div><\/div>\n\n\n\n<div class=\"wp-block-uagb-container uagb-block-a8fa1977 alignfull uagb-is-root-container\"><div class=\"uagb-container-inner-blocks-wrap\">\n<hr class=\"wp-block-separator has-text-color has-ast-global-color-1-color has-alpha-channel-opacity has-ast-global-color-1-background-color has-background is-style-wide\" style=\"margin-top:var(--wp--preset--spacing--50);margin-bottom:var(--wp--preset--spacing--50)\"\/>\n<\/div><\/div>\n\n\n\n<div class=\"wp-block-uagb-container uagb-block-87f9afef alignfull uagb-is-root-container\"><div class=\"uagb-container-inner-blocks-wrap\">\n<div class=\"wp-block-uagb-advanced-heading uagb-block-bf2f02a0\"><h2 class=\"uagb-heading-text\">Garantia de Qualidade<\/h2><\/div>\n<\/div><\/div>\n\n\n\n<div class=\"wp-block-uagb-container uagb-block-bd963756 alignfull uagb-is-root-container\"><div class=\"uagb-container-inner-blocks-wrap\">\n<div class=\"wp-block-uagb-info-box uagb-block-0f1990f1 uagb-infobox__content-wrap  uagb-infobox-icon-above-title uagb-infobox-image-valign-top\"><div class=\"uagb-ifb-content\"><div class=\"uagb-ifb-title-wrap\"><\/div><p class=\"uagb-ifb-desc\">A Lavanderia Alves \u00e9 especializada na limpeza de tapetes, nacionais e importados, independente do material e tecido. Retiramos e retornamos os tapetes j\u00e1 higienizados, sem custos adicionais, em at\u00e9 10 dias \u00fateis \u2014 sempre com dia e hora marcada, para a sua maior comodidade.<br>Todo o processo de limpeza \u00e9 feito por profissionais da casa, sem terceirizados, capacitados para identificar cada necessidade e o processo espec\u00edfico a ser realizado. Com a lavagem a seco ou com \u00e1gua, a Lavanderia Alves ainda conta com centr\u00edfugas de at\u00e9 100 kg de capacidade, para uma secagem mais r\u00e1pida e uniforme, respons\u00e1vel pela remo\u00e7\u00e3o total de res\u00edduos sem danificar o tecido.<\/p><\/div><\/div>\n<\/div><\/div>\n\n\n\n<div class=\"wp-block-uagb-container uagb-block-874c9733 alignfull uagb-is-root-container\"><div class=\"uagb-container-inner-blocks-wrap\">\n<div class=\"wp-block-uagb-advanced-heading uagb-block-8c84b1b7\"><h2 class=\"uagb-heading-text\">Servi\u00e7os Adicionais<\/h2><\/div>\n\n\n\n<div class=\"wp-block-uagb-info-box uagb-block-092ce4bf uagb-infobox__content-wrap  uagb-infobox-icon-above-title uagb-infobox-image-valign-top\"><div class=\"uagb-ifb-content\"><div class=\"uagb-ifb-title-wrap\"><\/div><p class=\"uagb-ifb-desc\">Tamb\u00e9m realizamos a coloca\u00e7\u00e3o de franjas, cord\u00f5es e forros antiderrapantes.<\/p><\/div><\/div>\n<\/div><\/div>\n\n\n\n<div class=\"wp-block-uagb-container uagb-block-20ce640d alignfull uagb-is-root-container\"><div class=\"uagb-container-inner-blocks-wrap\">\n<div class=\"wp-block-uagb-advanced-heading uagb-block-f3ca97ff\"><h2 class=\"uagb-heading-text\">Processo de Lavagem de Sof\u00e1s e Estofados<\/h2><\/div>\n\n\n\n<div class=\"wp-block-uagb-info-box uagb-block-4f517de8 uagb-infobox__content-wrap  uagb-infobox-icon-above-title uagb-infobox-image-valign-top\"><div class=\"uagb-ifb-content\"><div class=\"uagb-ifb-title-wrap\"><\/div><p class=\"uagb-ifb-desc\">Nosso m\u00e9todo de lavagem \u00e9 realizado a partir da jun\u00e7\u00e3o da tecnologia e trabalho manual, para obter o m\u00e1ximo resultado.<br>Tamb\u00e9m efetuamos parceria com os fabricantes para otimizar nossas t\u00e9cnicas de lavagem e inovar em produtos.<br>Higieniza\u00e7\u00e3o completa e perfeita dos tapetes, a partir de m\u00e1quinas e produtos espec\u00edficos, com enx\u00e1gue e extra\u00e7\u00e3o \u00e0 v\u00e1cuo.<br>Secagem do tapete em estufa exclusiva, com temperatura controlada para cada tipo de fibra e tamanho, evitando assim riscos de ressecamento ou altera\u00e7\u00e3o de cor.<\/p><\/div><\/div>\n<\/div><\/div>\n","protected":false},"excerpt":{"rendered":"","protected":false},"author":1,"featured_media":0,"parent":0,"menu_order":0,"comment_status":"closed","ping_status":"closed","template":"","meta":{"site-sidebar-layout":"default","site-content-layout":"","ast-site-content-layout":"default","site-content-style":"default","site-sidebar-style":"default","ast-global-header-display":"","ast-banner-title-visibility":"","ast-main-header-display":"","ast-hfb-above-header-display":"","ast-hfb-below-header-display":"","ast-hfb-mobile-header-display":"","site-post-title":"","ast-breadcrumbs-content":"","ast-featured-img":"","footer-sml-layout":"","theme-transparent-header-meta":"","adv-header-id-meta":"","stick-header-meta":"","header-above-stick-meta":"","header-main-stick-meta":"","header-below-stick-meta":"","astra-migrate-meta-layouts":"set","ast-page-background-enabled":"default","ast-page-background-meta":{"desktop":{"background-color":"","background-image":"","background-repeat":"repeat","background-position":"center center","background-size":"auto","background-attachment":"scroll","background-type":"","background-media":"","overlay-type":"","overlay-color":"","overlay-gradient":""},"tablet":{"background-color":"","background-image":"","background-repeat":"repeat","background-position":"center center","background-size":"auto","background-attachment":"scroll","background-type":"","background-media":"","overlay-type":"","overlay-color":"","overlay-gradient":""},"mobile":{"background-color":"","background-image":"","background-repeat":"repeat","background-position":"center center","background-size":"auto","background-attachment":"scroll","background-type":"","background-media":"","overlay-type":"","overlay-color":"","overlay-gradient":""}},"ast-content-background-meta":{"desktop":{"background-color":"var(--ast-global-color-5)","background-image":"","background-repeat":"repeat","background-position":"center center","background-size":"auto","background-attachment":"scroll","background-type":"","background-media":"","overlay-type":"","overlay-color":"","overlay-gradient":""},"tablet":{"background-color":"var(--ast-global-color-5)","background-image":"","background-repeat":"repeat","background-position":"center center","background-size":"auto","background-attachment":"scroll","background-type":"","background-media":"","overlay-type":"","overlay-color":"","overlay-gradient":""},"mobile":{"background-color":"var(--ast-global-color-5)","background-image":"","background-repeat":"repeat","background-position":"center center","background-size":"auto","background-attachment":"scroll","background-type":"","background-media":"","overlay-type":"","overlay-color":"","overlay-gradient":""}},"_joinchat":[],"footnotes":""},"class_list":["post-2846","page","type-page","status-publish","hentry"],"_links":{"self":[{"href":"https:\/\/lavanderiaalves.com.br\/index.php\/wp-json\/wp\/v2\/pages\/2846","targetHints":{"allow":["GET"]}}],"collection":[{"href":"https:\/\/lavanderiaalves.com.br\/index.php\/wp-json\/wp\/v2\/pages"}],"about":[{"href":"https:\/\/lavanderiaalves.com.br\/index.php\/wp-json\/wp\/v2\/types\/page"}],"author":[{"embeddable":true,"href":"https:\/\/lavanderiaalves.com.br\/index.php\/wp-json\/wp\/v2\/users\/1"}],"replies":[{"embeddable":true,"href":"https:\/\/lavanderiaalves.com.br\/index.php\/wp-json\/wp\/v2\/comments?post=2846"}],"version-history":[{"count":0,"href":"https:\/\/lavanderiaalves.com.br\/index.php\/wp-json\/wp\/v2\/pages\/2846\/revisions"}],"wp:attachment":[{"href":"https:\/\/lavanderiaalves.com.br\/index.php\/wp-json\/wp\/v2\/media?parent=2846"}],"curies":[{"name":"wp","href":"https:\/\/api.w.org\/{rel}","templated":true}]}}

<div class="wp-block-uagb-container uagb-block-fc52dedc alignfull uagb-is-root-container"><div class="uagb-container-inner-blocks-wrap">
<div class="wp-block-uagb-container uagb-block-3a18668e">
<div class="wp-block-uagb-image aligncenter uagb-block-db99b616 wp-block-uagb-image--layout-default wp-block-uagb-image--effect-static wp-block-uagb-image--align-center"><figure class="wp-block-uagb-image__figure"><img loading="lazy" decoding="async" srcset="https://lavanderiaalves.com.br/wp-content/uploads/2023/09/lavagem_de_tapetes.webp " sizes="auto, (max-width: 480px) 150px" src="https://lavanderiaalves.com.br/wp-content/uploads/2023/09/lavagem_de_tapetes.webp" alt="lavagem_de_tapetes" class="uag-image-3925" width="1593" height="1024" title="" loading="lazy"/></figure></div>
</div>



<div class="wp-block-uagb-container uagb-block-34a1a122">
<div class="wp-block-uagb-info-box uagb-block-d79c64d4 uagb-infobox__content-wrap  uagb-infobox-icon-above-title uagb-infobox-image-valign-top"><div class="uagb-ifb-content"><div class="uagb-ifb-title-wrap"><h3 class="uagb-ifb-title">Lavagem e Higienização de Tapetes</h3></div><div class="uagb-ifb-separator"></div><p class="uagb-ifb-desc">Com mais de 30 anos de experiência, a Lavanderia Alves executa os serviços de lavagem e higienização de tapetes, independente do material e tecido confeccionado.<br>Além de todo o profissionalismo, você conta com a lavanderia de melhor estrutura, capaz de suprir as demandas de clientes físicos ou jurídicos, com extrema eficiência.<br>Nosso objetivo é sempre superar as expectativas dos nossos clientes.</p><div class="uagb-ifb-button-wrapper wp-block-button"><a href="https://api.whatsapp.com/send?phone=5511954920850&amp;text=Ola%20gostaria%20de%20fazer%20um%20or%C3%A7amento." class="uagb-infobox-cta-link wp-block-button__link" target="_blank" rel="noopener noreferrer" onclick="return true;" alt=""><span class="uagb-inline-editing">FALE CONOSCO</span><svg xmlns="https://www.w3.org/2000/svg" viewBox="0 0 512 512"><path d="M504.3 273.6l-112.1 104c-6.992 6.484-17.18 8.218-25.94 4.406c-8.758-3.812-14.42-12.45-14.42-21.1L351.9 288H32C14.33 288 .0002 273.7 .0002 255.1S14.33 224 32 224h319.9l0-72c0-9.547 5.66-18.19 14.42-22c8.754-3.809 18.95-2.075 25.94 4.41l112.1 104C514.6 247.9 514.6 264.1 504.3 273.6z"></path></svg></a></div></div></div>
</div>
</div></div>



<div class="wp-block-uagb-container uagb-block-21180a66 alignfull uagb-is-root-container"><div class="uagb-container-inner-blocks-wrap">
<hr class="wp-block-separator has-text-color has-ast-global-color-1-color has-alpha-channel-opacity has-ast-global-color-1-background-color has-background is-style-wide" style="margin-top:var(--wp--preset--spacing--50);margin-bottom:var(--wp--preset--spacing--50)"/>
</div></div>



<div class="wp-block-uagb-container uagb-block-391af993 alignfull uagb-is-root-container"><div class="uagb-container-inner-blocks-wrap">
<div class="wp-block-uagb-container uagb-block-9d97b2e6">
<div class="wp-block-uagb-advanced-heading uagb-block-a3dad665"><h2 class="uagb-heading-text">Conheça os tipos</h2></div>



<div class="wp-block-uagb-info-box uagb-block-874f5ea9 uagb-infobox__content-wrap  uagb-infobox-icon-above-title uagb-infobox-image-valign-top"><div class="uagb-ifb-content"><div class="uagb-ifb-title-wrap"></div><div class="uagb-ifb-separator"></div><p class="uagb-ifb-desc">Lavamos e higienizamos tapetes: Chinês, Iraniano, Kilim, Marroquino e Persa;<br>tratando todos como verdadeiras obras de arte.<br>• Capacidade para lavar e higienizar tapetes de grandes proporções.<br>• Trabalhamos com tratamento específico para a remoção de manchas.<br>• Lavagem de tapetes com marcas específicas, principalmente de urina animal.<br>• A remoção total das manchas não é garantida, dependendo de fatores como o estado do tapete, espécie de mancha, tempo de mancha e etc.</p></div></div>
</div>



<div class="wp-block-uagb-container uagb-block-b6e5064c">
<div class="wp-block-uagb-advanced-heading uagb-block-9d85cd94"><h2 class="uagb-heading-text">Na mídia</h2></div>



<figure class="wp-block-embed is-type-video is-provider-youtube wp-block-embed-youtube wp-embed-aspect-16-9 wp-has-aspect-ratio"><div class="wp-block-embed__wrapper">
<div class="ast-oembed-container" style="height: 100%;"><iframe title="Lavagem Especializada de Sofá I Lavanderia Alves I Gazeta Shopping" width="500" height="281" src="https://www.youtube.com/embed/RG3RZEMSjoE?feature=oembed" frameborder="0" allow="accelerometer; autoplay; clipboard-write; encrypted-media; gyroscope; picture-in-picture; web-share" referrerpolicy="strict-origin-when-cross-origin" allowfullscreen></iframe></div>
</div></figure>
</div>
</div></div>



<div class="wp-block-uagb-container uagb-block-a8fa1977 alignfull uagb-is-root-container"><div class="uagb-container-inner-blocks-wrap">
<hr class="wp-block-separator has-text-color has-ast-global-color-1-color has-alpha-channel-opacity has-ast-global-color-1-background-color has-background is-style-wide" style="margin-top:var(--wp--preset--spacing--50);margin-bottom:var(--wp--preset--spacing--50)"/>
</div></div>



<div class="wp-block-uagb-container uagb-block-87f9afef alignfull uagb-is-root-container"><div class="uagb-container-inner-blocks-wrap">
<div class="wp-block-uagb-advanced-heading uagb-block-bf2f02a0"><h2 class="uagb-heading-text">Garantia de Qualidade</h2></div>
</div></div>



<div class="wp-block-uagb-container uagb-block-bd963756 alignfull uagb-is-root-container"><div class="uagb-container-inner-blocks-wrap">
<div class="wp-block-uagb-info-box uagb-block-0f1990f1 uagb-infobox__content-wrap  uagb-infobox-icon-above-title uagb-infobox-image-valign-top"><div class="uagb-ifb-content"><div class="uagb-ifb-title-wrap"></div><p class="uagb-ifb-desc">A Lavanderia Alves é especializada na limpeza de tapetes, nacionais e importados, independente do material e tecido. Retiramos e retornamos os tapetes já higienizados, sem custos adicionais, em até 10 dias úteis — sempre com dia e hora marcada, para a sua maior comodidade.<br>Todo o processo de limpeza é feito por profissionais da casa, sem terceirizados, capacitados para identificar cada necessidade e o processo específico a ser realizado. Com a lavagem a seco ou com água, a Lavanderia Alves ainda conta com centrífugas de até 100 kg de capacidade, para uma secagem mais rápida e uniforme, responsável pela remoção total de resíduos sem danificar o tecido.</p></div></div>
</div></div>



<div class="wp-block-uagb-container uagb-block-874c9733 alignfull uagb-is-root-container"><div class="uagb-container-inner-blocks-wrap">
<div class="wp-block-uagb-advanced-heading uagb-block-8c84b1b7"><h2 class="uagb-heading-text">Serviços Adicionais</h2></div>



<div class="wp-block-uagb-info-box uagb-block-092ce4bf uagb-infobox__content-wrap  uagb-infobox-icon-above-title uagb-infobox-image-valign-top"><div class="uagb-ifb-content"><div class="uagb-ifb-title-wrap"></div><p class="uagb-ifb-desc">Também realizamos a colocação de franjas, cordões e forros antiderrapantes.</p></div></div>
</div></div>



<div class="wp-block-uagb-container uagb-block-20ce640d alignfull uagb-is-root-container"><div class="uagb-container-inner-blocks-wrap">
<div class="wp-block-uagb-advanced-heading uagb-block-f3ca97ff"><h2 class="uagb-heading-text">Processo de Lavagem de Sofás e Estofados</h2></div>



<div class="wp-block-uagb-info-box uagb-block-4f517de8 uagb-infobox__content-wrap  uagb-infobox-icon-above-title uagb-infobox-image-valign-top"><div class="uagb-ifb-content"><div class="uagb-ifb-title-wrap"></div><p class="uagb-ifb-desc">Nosso método de lavagem é realizado a partir da junção da tecnologia e trabalho manual, para obter o máximo resultado.<br>Também efetuamos parceria com os fabricantes para otimizar nossas técnicas de lavagem e inovar em produtos.<br>Higienização completa e perfeita dos tapetes, a partir de máquinas e produtos específicos, com enxágue e extração à vácuo.<br>Secagem do tapete em estufa exclusiva, com temperatura controlada para cada tipo de fibra e tamanho, evitando assim riscos de ressecamento ou alteração de cor.</p></div></div>
</div></div>
